 of 86570098.
2, 523, 82763
List the prime factors of 261933959.
7, 23, 232417
What are the prime factors of 4031191545?
3, 5, 29, 41, 226027
List the prime factors of 142579562.
2, 71289781
List the prime factors of 681866148.
2, 3, 19, 769, 3889
What are the prime factors of 412408429?
5309, 77681
What are the prime factors of 986318162?
2, 493159081
List the prime factors of 488003609.
15361, 31769
What are the prime factors of 1975616671?
7, 23, 12270911
List the prime factors of 24111082.
2, 1453, 8297
List the prime factors of 34061392.
2, 2128837
What are the prime factors of 2247414486?
2, 3, 1201, 311881
What are the prime factors of 4131146769?
3, 31, 67, 662999
List the prime factors of 1638756129.
3, 546252043
What are the prime factors of 1690517113?
2351, 719063
List the prime factors of 39383789.
19, 2072831
List the prime factors of 2996835437.
29, 103339153
What are the prime factors of 4046665302?
2, 3, 224814739
What are the prime factors of 189421800?
2, 3, 5, 315703
What are the prime factors of 4991460922?
2, 7, 356532923
What are the prime factors of 1436387?
1436387
What are the prime factors of 44439903?
3, 61, 1327
What are the prime factors of 1390630?
2, 5, 59, 2357
List the prime factors of 61594164.
2, 3, 337, 5077
List the prime factors of 156699106.
2, 167, 179, 2621
What are the prime factors of 636539431?
11, 57867221
What are the prime factors of 30445266?
2, 3, 17, 298483
List the prime factors of 2509072297.
3769, 665713
List the prime factors of 961850946.
2, 3, 7, 19, 29, 89, 467
List the prime factors of 54278589.
3, 18092863
List the prime factors of 55570804.
2, 13892701
What are the prime factors of 1097573392?
2, 68598337
List the prime factors of 45767296.
2, 337, 1061
List the prime factors of 1432613504.
2, 7, 1598899
What are the prime factors of 5936254245?
3, 5, 1259, 104779
List the prime factors of 51331775.
5, 11, 73, 2557
What are the prime factors of 708210887?
73, 2539, 3821
What are the prime factors of 693063196?
2, 7, 2473, 10009
List the prime factors of 336885526.
2, 181, 853, 1091
What are the prime factors of 26516751?
3, 8838917
List the prime factors of 996168383.
7, 2904281
List the prime factors of 478675486.
2, 239337743
List the prime factors of 880839407.
7, 113, 401, 2777
List the prime factors of 795561725.
5, 7, 433, 10499
List the prime factors of 2551276390.
2, 5, 13, 1509631
List the prime factors of 1121719517.
17, 65983501
What are the prime factors of 7931313?
3, 13, 67789
What are the prime factors of 427970860?
2, 5, 37, 173, 3343
List the prime factors of 228101310.
2, 3, 5, 2534459
What are the prime factors of 673192837?
37, 127, 143263
List the prime factors of 982153152.
2, 3, 1705127
What are the prime factors of 56570692?
2, 14142673
List the prime factors of 3649074401.
7, 521296343
What are the prime factors of 262137004?
2, 65534251
List the prime factors of 91800468.
2, 3, 2550013
What are the prime factors of 433074889?
13, 23, 1448411
List the prime factors of 432316820.
2, 5, 13, 1662757
What are the prime factors of 50062682?
2, 19, 439, 3001
List the prime factors of 17359663.
163, 106501
What are the prime factors of 82587006?
2, 3, 1529389
List the prime factors of 119698456.
2, 2389, 6263
List the prime factors of 308113463.
7, 44016209
What are the prime factors of 28170728?
2, 3521341
What are the prime factors of 12047234?
2, 887, 6791
What are the prime factors of 593666?
2, 296833
List the prime factors of 8099475.
3, 5, 79, 1367
What are the prime factors of 106608025?
5, 101, 42221
What are the prime factors of 1922248258?
2, 7, 227, 604861
What are the prime factors of 30873229?
30873229
List the prime factors of 35126894.
2, 11, 67, 23831
List the prime factors of 2592971.
491, 5281
List the prime factors of 247137998.
2, 123568999
What are the prime factors of 147682136?
2, 7, 19, 138799
What are the prime factors of 2761060408?
2, 345132551
List the prime factors of 232847020.
2, 5, 7, 53, 4483
List the prime factors of 1334347892.
2, 467, 701, 1019
List the prime factors of 220251161.
13, 16942397
What are the prime factors of 2686109?
89, 30181
List the prime factors of 179671557.
3, 13, 4606963
What are the prime factors of 40182763?
613, 65551
What are the prime factors of 78412320?
2, 3, 5, 7, 2593
List the prime factors of 105046230.
2, 3, 5, 17, 281, 733
List the prime factors of 30843348.
2, 3, 37, 69467
What are the prime factors of 2906211562?
2, 4643, 312967
What are the prime factors of 92784917?
173, 307, 1747
What are the prime factors of 17541995?
5, 3508399
List the prime factors of 5885365247.
5885365247
List the prime factors of 806176650.
2, 3, 5, 19, 282869
What are the prime factors of 4090731311?
59, 79, 877651
What are the prime factors of 23412504?
2, 3, 975521
What are the prime factors of 153872900?
2, 5, 863, 1783
What are the prime factors of 2717420143?
127, 21397009
What are the prime factors of 345331233?
3, 13, 41, 193, 373
List the prime factors of 1135137227.
7, 29, 61, 109
What are the prime factors of 1093491167?
11497, 95111
List the prime factors of 541605829.
541605829
List the prime factors of 42826330.
2, 5, 29, 59, 2503
List the prime factors of 1076088635.
5, 12097, 17791
List the prime factors of 255221271.
3, 23, 79, 15607
List the prime factors of 59048578.
2, 29524289
List the prime factors of 63482009.
89, 713281
What are the prime factors of 594122671?
307, 1935253
List the prime factors of 217153758.
2, 3, 1451, 24943
What are the prime factors of 1712094888?
2, 3, 7, 17, 85639
What are the prime factors of 212454411?
3, 13, 139, 39191
List the prime factors of 196554406.
2, 98277203
List the prime factors of 3696770362.
2, 1848385181
What are the prime factors of 157108269?
3, 41, 103, 12401
What are the prime factors of 271568867?
47, 5778061
List the prime factors of 3539082774.
2, 3, 589847129
List the prime factors of 5534136745.
5, 19, 41, 1420831
List the prime factors of 303366153.
3, 47, 2151533
What are the prime factors of 2204773052?
2, 367, 1501889
List the prime factors of 476019465.
3, 5, 17, 521, 3583
What are the prime factors of 79918798?
2, 113, 199, 1777
What are the prime factors of 25282583?
1931, 13093
List the prime factors of 48915303.
3, 31, 83, 6337
What are the prime factors of 119222332?
2, 137, 217559
What are the prime factors of 270258325?
5, 101, 107033
List the prime factors of 1052886947.
7, 150412421
List the prime factors of 145309124.
2, 23, 79, 19993
List the prime factors of 7732874301.
3, 929, 2774623
List the prime factors of 4486044994.
2, 197, 11385901
What are the prime factors of 946993613?
946993613
List the prime factors of 289826072.
2, 36228259
List the prime factors of 645269361.
3, 11, 2237, 8741
List the prime factors of 1559125052.
2, 9067, 42989
List the prime factors of 4912797802.
2, 11, 17, 13135823
What are the prime factors of 18737991?
3, 53, 163, 241
List the prime factors of 86216278.
2, 43108139
List the prime factors of 1888074360.
2, 3, 5, 149, 3911
List the prime factors of 32570032.
2, 11, 185057
List the prime factors of 45559494.
2, 3, 2531083
What are the prime factors of 895360028?
2, 19, 2683, 4391
What are the prime factors of 715029120?
2, 3, 5, 13, 1061
List the prime factors of 1835708292.
2, 3, 11, 23, 127
List the prime factors of 3729149718.
2, 3, 7, 197, 450707
List the prime factors of 369708658.
2, 11, 16804939
What are the prime factors of 2827090237?
19, 5003, 29741
What are the prime factors of 48317887?
617, 78311
What are the prime factors of 615657868?
2, 7, 149, 173, 853
List the prime factors of 676594612.
2, 169148653
List the prime factors of 125560195.
5, 97, 258887
What are the prime factors of 218139314?
2, 23, 47, 163, 619
List the prime factors of 626659831.
7, 17, 263, 20023
What are the prime factors of 19520167?
19520167
What are the prime factors of 429671212?
2, 53, 2026751
List the prime factors of 47151870.
2, 3, 5, 1571729
What are the prime factors of 165353052?
2, 3, 67, 205663
What are the prime factors of 3395758?
2, 1109, 1531
List the prime factors of 6224410.
2, 5, 79, 7879
List the prime factors of 175631433.
3, 47, 1245613
List the prime factors of 5588272365.
3, 5, 1